{"id":761,"date":"2022-10-27T15:49:25","date_gmt":"2022-10-27T14:49:25","guid":{"rendered":"https:\/\/daluzatuvida.com\/?post_type=product&#038;p=761"},"modified":"2025-05-22T14:04:03","modified_gmt":"2025-05-22T13:04:03","slug":"botella-de-221ml-de-colonia-de-ruda","status":"publish","type":"product","link":"https:\/\/daluzatuvida.com\/index.php\/product\/botella-de-221ml-de-colonia-de-ruda\/","title":{"rendered":"colonia Agua de florida Ruda de 221ml de colonia de ruda"},"content":{"rendered":"<p>colonia de protecci\u00f3n limpieza energetica..tambi\u00e9n se usa si sientes energias muy densas para sacar de nuestro hogar toda esa energ\u00eda mala..la ruda por excelencia es muy limpiadora a todos los niveles.asi q si sientes mucha pesadez utiliza esta colonia de ruda para limpiar toda tu aura y protegerte<\/p>\n","protected":false},"excerpt":{"rendered":"<p>colonia de protecci\u00f3n limpieza energetica..tambi\u00e9n se usa si sientes energias muy densas para sacar de nuestro hogar toda esa energ\u00eda mala..la ruda por excelencia es muy limpiadora a todos los niveles.asi q si sientes mucha pesadez utiliza esta colonia de ruda para limpiar toda tu&hellip;<\/p>\n","protected":false},"featured_media":762,"comment_status":"open","ping_status":"closed","template":"","meta":{"om_disable_all_campaigns":false,"_monsterinsights_skip_tracking":false,"_monsterinsights_sitenote_active":false,"_monsterinsights_sitenote_note":"","_monsterinsights_sitenote_category":0},"product_brand":[],"product_cat":[384],"product_tag":[280,105],"class_list":{"0":"post-761","1":"product","2":"type-product","3":"status-publish","4":"has-post-thumbnail","6":"product_cat-gama-agua-de-florida","7":"product_tag-colonia","8":"product_tag-ruda","10":"first","11":"outofstock","12":"taxable","13":"shipping-taxable","14":"purchasable","15":"product-type-simple"},"aioseo_notices":[],"jetpack_sharing_enabled":true,"_links":{"self":[{"href":"https:\/\/daluzatuvida.com\/index.php\/wp-json\/wp\/v2\/product\/761","targetHints":{"allow":["GET"]}}],"collection":[{"href":"https:\/\/daluzatuvida.com\/index.php\/wp-json\/wp\/v2\/product"}],"about":[{"href":"https:\/\/daluzatuvida.com\/index.php\/wp-json\/wp\/v2\/types\/product"}],"replies":[{"embeddable":true,"href":"https:\/\/daluzatuvida.com\/index.php\/wp-json\/wp\/v2\/comments?post=761"}],"wp:featuredmedia":[{"embeddable":true,"href":"https:\/\/daluzatuvida.com\/index.php\/wp-json\/wp\/v2\/media\/762"}],"wp:attachment":[{"href":"https:\/\/daluzatuvida.com\/index.php\/wp-json\/wp\/v2\/media?parent=761"}],"wp:term":[{"taxonomy":"product_brand","embeddable":true,"href":"https:\/\/daluzatuvida.com\/index.php\/wp-json\/wp\/v2\/product_brand?post=761"},{"taxonomy":"product_cat","embeddable":true,"href":"https:\/\/daluzatuvida.com\/index.php\/wp-json\/wp\/v2\/product_cat?post=761"},{"taxonomy":"product_tag","embeddable":true,"href":"https:\/\/daluzatuvida.com\/index.php\/wp-json\/wp\/v2\/product_tag?post=761"}],"curies":[{"name":"wp","href":"https:\/\/api.w.org\/{rel}","templated":true}]}}