{"id":470,"date":"2022-10-07T16:40:19","date_gmt":"2022-10-07T16:40:19","guid":{"rendered":"https:\/\/daluzatuvida.com\/?post_type=product&#038;p=470"},"modified":"2024-02-28T11:28:35","modified_gmt":"2024-02-28T11:28:35","slug":"fuente-kara","status":"publish","type":"product","link":"https:\/\/daluzatuvida.com\/index.php\/product\/fuente-kara\/","title":{"rendered":"Fuente Kara"},"content":{"rendered":"","protected":false},"excerpt":{"rendered":"<p><strong>DESCRIPCI\u00d3N<\/strong><\/p>\n<p><span style=\"font-weight: 400;\">La fuente Kara es el elemento decorativo ideal para quienes buscan crear un ambiente zen y relajante.<\/span><\/p>\n<p><span style=\"font-weight: 400;\">El Kara ofrece un flujo vertical de frasco a frasco en cuatro niveles con un dise\u00f1o delgado. La iluminaci\u00f3n LED que cambia de color realza esta fuente y el movimiento del agua.<\/span><\/p>\n<p><span style=\"font-weight: 400;\">Su instalaci\u00f3n solo toma unos minutos. Simplemente conecte la iluminaci\u00f3n y la bomba suministrada y luego llene el recipiente con agua para un flujo de circuito cerrado. Luego con\u00e9ctalo a una toma de corriente y aqu\u00ed tienes tu habitaci\u00f3n transformada en una burbuja de bienestar.<\/span><\/p>\n<p><strong>ESPECIFICACIONES<\/strong><\/p>\n<p><span style=\"font-weight: 400;\">&#8211; Flujo en 3 niveles.<\/span><\/p>\n<p><span style=\"font-weight: 400;\">&#8211; Estilo moderno y tama\u00f1o reducido.<\/span><\/p>\n<p><span style=\"font-weight: 400;\">&#8211; Bomba silenciosa.<\/span><\/p>\n<p><span style=\"font-weight: 400;\">&#8211; Iluminaci\u00f3n led con variaci\u00f3n de color.<\/span><\/p>\n<p><span style=\"font-weight: 400;\">&#8211; Manual de usuario en franc\u00e9s, ingl\u00e9s, espa\u00f1ol, italiano y alem\u00e1n (traducci\u00f3n posible). &#8211; Embalaje cuidado en caja de regalo y descripci\u00f3n multiling\u00fce.<\/span><\/p>\n<p><span style=\"font-weight: 400;\">&#8211; Dimensiones: <\/span><span style=\"font-weight: 400;\">13 cm (largo) x 12 cm (ancho) x 18 cm (alto)<\/span><\/p>\n<p><span style=\"font-weight: 400;\">&#8211; Peso neto: 700g<\/span><\/p>\n","protected":false},"featured_media":542,"comment_status":"open","ping_status":"closed","template":"","meta":{"om_disable_all_campaigns":false,"_monsterinsights_skip_tracking":false,"_monsterinsights_sitenote_active":false,"_monsterinsights_sitenote_note":"","_monsterinsights_sitenote_category":0},"product_brand":[],"product_cat":[15],"product_tag":[173,182],"class_list":{"0":"post-470","1":"product","2":"type-product","3":"status-publish","4":"has-post-thumbnail","6":"product_cat-rincon-brujil","7":"product_tag-fuente","8":"product_tag-kara","10":"first","11":"outofstock","12":"taxable","13":"shipping-taxable","14":"purchasable","15":"product-type-simple"},"aioseo_notices":[],"jetpack_sharing_enabled":true,"_links":{"self":[{"href":"https:\/\/daluzatuvida.com\/index.php\/wp-json\/wp\/v2\/product\/470","targetHints":{"allow":["GET"]}}],"collection":[{"href":"https:\/\/daluzatuvida.com\/index.php\/wp-json\/wp\/v2\/product"}],"about":[{"href":"https:\/\/daluzatuvida.com\/index.php\/wp-json\/wp\/v2\/types\/product"}],"replies":[{"embeddable":true,"href":"https:\/\/daluzatuvida.com\/index.php\/wp-json\/wp\/v2\/comments?post=470"}],"wp:featuredmedia":[{"embeddable":true,"href":"https:\/\/daluzatuvida.com\/index.php\/wp-json\/wp\/v2\/media\/542"}],"wp:attachment":[{"href":"https:\/\/daluzatuvida.com\/index.php\/wp-json\/wp\/v2\/media?parent=470"}],"wp:term":[{"taxonomy":"product_brand","embeddable":true,"href":"https:\/\/daluzatuvida.com\/index.php\/wp-json\/wp\/v2\/product_brand?post=470"},{"taxonomy":"product_cat","embeddable":true,"href":"https:\/\/daluzatuvida.com\/index.php\/wp-json\/wp\/v2\/product_cat?post=470"},{"taxonomy":"product_tag","embeddable":true,"href":"https:\/\/daluzatuvida.com\/index.php\/wp-json\/wp\/v2\/product_tag?post=470"}],"curies":[{"name":"wp","href":"https:\/\/api.w.org\/{rel}","templated":true}]}}