{"id":456,"date":"2022-10-07T17:40:51","date_gmt":"2022-10-07T17:40:51","guid":{"rendered":"https:\/\/daluzatuvida.com\/?post_type=product&#038;p=456"},"modified":"2024-05-21T13:17:20","modified_gmt":"2024-05-21T12:17:20","slug":"vela-de-fruta-de-la-pasion-en-bowl-de-coco","status":"publish","type":"product","link":"https:\/\/daluzatuvida.com\/index.php\/product\/vela-de-fruta-de-la-pasion-en-bowl-de-coco\/","title":{"rendered":"Vela de fruta de la pasi\u00f3n en bowl de Jasmin"},"content":{"rendered":"","protected":false},"excerpt":{"rendered":"<p><span style=\"font-weight: 400;\">Hecha a mano en Espa\u00f1a a partir de cera de soja ecol\u00f3gica. Contiene una fragancia ex\u00f3tica y dulce a fruta de la pasi\u00f3n.<\/span><\/p>\n<p><span style=\"font-weight: 400;\">&#8211; Duraci\u00f3n: +45 horas<\/span><\/p>\n<p><span style=\"font-weight: 400;\">&#8211; Medidas: 350 gr. cera y 10,5 cm<\/span><\/p>\n<p><span style=\"font-weight: 400;\">&#8211; Peso total: 450 gramos<\/span><\/p>\n<p><span style=\"font-weight: 400;\">Cera de soja (EU) y mecha de madera de quemado lento.<\/span><\/p>\n<p><strong>No se recomienda prender durante +3 horas seguidas.\u00a0<\/strong><\/p>\n<p><span style=\"font-weight: 400;\">El primer quemado es importante. Intentar quemar hasta los bordes la primera vez que enciendas tu vela de fruta de la pasi\u00f3n.<\/span><\/p>\n<p><span style=\"font-weight: 400;\">Dimensiones: 10-11cm (d) x 7,5 cm (h)<\/span><\/p>\n<p><span style=\"font-weight: 400;\">Peso neto: 450 gr<\/span><\/p>\n<p><span style=\"font-weight: 400;\">Contenido: 400-450 gr<\/span><\/p>\n<p><span style=\"font-weight: 400;\">Materiales: C\u00e1scara de coco y cera de soja EU<\/span><\/p>\n","protected":false},"featured_media":570,"comment_status":"open","ping_status":"closed","template":"","meta":{"om_disable_all_campaigns":false,"_monsterinsights_skip_tracking":false,"_monsterinsights_sitenote_active":false,"_monsterinsights_sitenote_note":"","_monsterinsights_sitenote_category":0},"product_brand":[],"product_cat":[387,378],"product_tag":[147,148,146,149,150,29],"class_list":{"0":"post-456","1":"product","2":"type-product","3":"status-publish","4":"has-post-thumbnail","6":"product_cat-difusores-aceites-esenciales-y-aromas","7":"product_cat-velas-y-velones","8":"product_tag-bol","9":"product_tag-bowl","10":"product_tag-coco","11":"product_tag-fruta","12":"product_tag-pasion","13":"product_tag-vela","15":"first","16":"instock","17":"sale","18":"taxable","19":"shipping-taxable","20":"purchasable","21":"product-type-simple"},"aioseo_notices":[],"jetpack_sharing_enabled":true,"_links":{"self":[{"href":"https:\/\/daluzatuvida.com\/index.php\/wp-json\/wp\/v2\/product\/456","targetHints":{"allow":["GET"]}}],"collection":[{"href":"https:\/\/daluzatuvida.com\/index.php\/wp-json\/wp\/v2\/product"}],"about":[{"href":"https:\/\/daluzatuvida.com\/index.php\/wp-json\/wp\/v2\/types\/product"}],"replies":[{"embeddable":true,"href":"https:\/\/daluzatuvida.com\/index.php\/wp-json\/wp\/v2\/comments?post=456"}],"wp:featuredmedia":[{"embeddable":true,"href":"https:\/\/daluzatuvida.com\/index.php\/wp-json\/wp\/v2\/media\/570"}],"wp:attachment":[{"href":"https:\/\/daluzatuvida.com\/index.php\/wp-json\/wp\/v2\/media?parent=456"}],"wp:term":[{"taxonomy":"product_brand","embeddable":true,"href":"https:\/\/daluzatuvida.com\/index.php\/wp-json\/wp\/v2\/product_brand?post=456"},{"taxonomy":"product_cat","embeddable":true,"href":"https:\/\/daluzatuvida.com\/index.php\/wp-json\/wp\/v2\/product_cat?post=456"},{"taxonomy":"product_tag","embeddable":true,"href":"https:\/\/daluzatuvida.com\/index.php\/wp-json\/wp\/v2\/product_tag?post=456"}],"curies":[{"name":"wp","href":"https:\/\/api.w.org\/{rel}","templated":true}]}}