{"id":1989,"date":"2023-04-04T13:10:24","date_gmt":"2023-04-04T13:10:24","guid":{"rendered":"https:\/\/daluzatuvida.com\/index.php\/product\/velon-7-chakras-equilibrio-interno-especial\/"},"modified":"2024-11-19T14:47:18","modified_gmt":"2024-11-19T13:47:18","slug":"velon-7-chakras-equilibrio-interno-especial","status":"publish","type":"product","link":"https:\/\/daluzatuvida.com\/index.php\/product\/velon-7-chakras-equilibrio-interno-especial\/","title":{"rendered":"VELON 7 CHAKRAS (Equilibrio interno) ESPECIAL."},"content":{"rendered":"<p><span style=\"font-family:Raleway,Arial,Tahoma;font-size:14px;font-style:normal;font-weight:400;letter-spacing:normal;text-transform:none;float:none;text-align:left\">Velon esot\u00e9rico 15 x 6 cm. 3 d\u00edas de combusti\u00f3n aproximadamente. Especial para equilibrio interno y activaci\u00f3n de los centros energ\u00e9ticos corporales.<\/span><\/p>\n","protected":false},"excerpt":{"rendered":"<p>Velon esot\u00e9rico 15 x 6 cm. 3 d\u00edas de combusti\u00f3n aproximadamente. Especial para equilibrio interno y activaci\u00f3n de los centros energ\u00e9ticos corporales.<\/p>\n","protected":false},"featured_media":1988,"comment_status":"open","ping_status":"closed","template":"","meta":{"om_disable_all_campaigns":false,"_monsterinsights_skip_tracking":false,"_monsterinsights_sitenote_active":false,"_monsterinsights_sitenote_note":"","_monsterinsights_sitenote_category":0},"product_brand":[],"product_cat":[378],"product_tag":[],"class_list":{"0":"post-1989","1":"product","2":"type-product","3":"status-publish","4":"has-post-thumbnail","6":"product_cat-velas-y-velones","8":"first","9":"instock","10":"taxable","11":"shipping-taxable","12":"purchasable","13":"product-type-simple"},"aioseo_notices":[],"jetpack_sharing_enabled":true,"_links":{"self":[{"href":"https:\/\/daluzatuvida.com\/index.php\/wp-json\/wp\/v2\/product\/1989","targetHints":{"allow":["GET"]}}],"collection":[{"href":"https:\/\/daluzatuvida.com\/index.php\/wp-json\/wp\/v2\/product"}],"about":[{"href":"https:\/\/daluzatuvida.com\/index.php\/wp-json\/wp\/v2\/types\/product"}],"replies":[{"embeddable":true,"href":"https:\/\/daluzatuvida.com\/index.php\/wp-json\/wp\/v2\/comments?post=1989"}],"wp:featuredmedia":[{"embeddable":true,"href":"https:\/\/daluzatuvida.com\/index.php\/wp-json\/wp\/v2\/media\/1988"}],"wp:attachment":[{"href":"https:\/\/daluzatuvida.com\/index.php\/wp-json\/wp\/v2\/media?parent=1989"}],"wp:term":[{"taxonomy":"product_brand","embeddable":true,"href":"https:\/\/daluzatuvida.com\/index.php\/wp-json\/wp\/v2\/product_brand?post=1989"},{"taxonomy":"product_cat","embeddable":true,"href":"https:\/\/daluzatuvida.com\/index.php\/wp-json\/wp\/v2\/product_cat?post=1989"},{"taxonomy":"product_tag","embeddable":true,"href":"https:\/\/daluzatuvida.com\/index.php\/wp-json\/wp\/v2\/product_tag?post=1989"}],"curies":[{"name":"wp","href":"https:\/\/api.w.org\/{rel}","templated":true}]}}