{"id":1918,"date":"2023-03-30T15:10:06","date_gmt":"2023-03-30T15:10:06","guid":{"rendered":"https:\/\/daluzatuvida.com\/index.php\/product\/pulsera-amatista\/"},"modified":"2024-11-19T14:31:05","modified_gmt":"2024-11-19T13:31:05","slug":"pulsera-amatista","status":"publish","type":"product","link":"https:\/\/daluzatuvida.com\/index.php\/product\/pulsera-amatista\/","title":{"rendered":"Pulsera Amatista."},"content":{"rendered":"<p style=\"margin-top:0px;margin-bottom:0.8rem;font-size:19px;line-height:28px;font-family:Karla,sans-serif;font-style:normal;font-weight:400;letter-spacing:normal;text-transform:none;text-align:left\">Pulsera Amatista<\/p>\n<p style=\"margin-top:0px;margin-bottom:0px;font-size:19px;line-height:28px;font-family:Karla,sans-serif;font-style:normal;font-weight:400;letter-spacing:normal;text-transform:none;text-align:left\">La amatista es la m\u00e1s valiosa de las variaciones del cuarzo, esto se debe precisamente a su color violeta directamente asociado a la elegancia y exclusividad, motivos por los que esta maravillosa gema gan\u00f3 su fama y popularidad entre la realeza.  Su caracter\u00edstico color morado se debe a su alto contenido en \u00f3xido de hierro, cuanto m\u00e1s hierro contiene su composici\u00f3n m\u00e1s intenso es su color.<\/p>\n","protected":false},"excerpt":{"rendered":"<p>Pulsera Amatista La amatista es la m\u00e1s valiosa de las variaciones del cuarzo, esto se debe precisamente a su color violeta directamente asociado a la elegancia y exclusividad, motivos por los que esta maravillosa gema gan\u00f3 su fama y popularidad entre la realeza. Su caracter\u00edstico&hellip;<\/p>\n","protected":false},"featured_media":1917,"comment_status":"open","ping_status":"closed","template":"","meta":{"om_disable_all_campaigns":false,"_monsterinsights_skip_tracking":false,"_monsterinsights_sitenote_active":false,"_monsterinsights_sitenote_note":"","_monsterinsights_sitenote_category":0},"product_brand":[],"product_cat":[379,386],"product_tag":[],"class_list":{"0":"post-1918","1":"product","2":"type-product","3":"status-publish","4":"has-post-thumbnail","6":"product_cat-amuletos-y-accesorios","7":"product_cat-piedras-energeticas","9":"first","10":"instock","11":"taxable","12":"shipping-taxable","13":"purchasable","14":"product-type-simple"},"aioseo_notices":[],"jetpack_sharing_enabled":true,"_links":{"self":[{"href":"https:\/\/daluzatuvida.com\/index.php\/wp-json\/wp\/v2\/product\/1918","targetHints":{"allow":["GET"]}}],"collection":[{"href":"https:\/\/daluzatuvida.com\/index.php\/wp-json\/wp\/v2\/product"}],"about":[{"href":"https:\/\/daluzatuvida.com\/index.php\/wp-json\/wp\/v2\/types\/product"}],"replies":[{"embeddable":true,"href":"https:\/\/daluzatuvida.com\/index.php\/wp-json\/wp\/v2\/comments?post=1918"}],"wp:featuredmedia":[{"embeddable":true,"href":"https:\/\/daluzatuvida.com\/index.php\/wp-json\/wp\/v2\/media\/1917"}],"wp:attachment":[{"href":"https:\/\/daluzatuvida.com\/index.php\/wp-json\/wp\/v2\/media?parent=1918"}],"wp:term":[{"taxonomy":"product_brand","embeddable":true,"href":"https:\/\/daluzatuvida.com\/index.php\/wp-json\/wp\/v2\/product_brand?post=1918"},{"taxonomy":"product_cat","embeddable":true,"href":"https:\/\/daluzatuvida.com\/index.php\/wp-json\/wp\/v2\/product_cat?post=1918"},{"taxonomy":"product_tag","embeddable":true,"href":"https:\/\/daluzatuvida.com\/index.php\/wp-json\/wp\/v2\/product_tag?post=1918"}],"curies":[{"name":"wp","href":"https:\/\/api.w.org\/{rel}","templated":true}]}}