{"id":1834,"date":"2023-03-28T17:38:08","date_gmt":"2023-03-28T17:38:08","guid":{"rendered":"https:\/\/daluzatuvida.com\/index.php\/product\/inciensode-laurel\/"},"modified":"2024-11-19T17:48:09","modified_gmt":"2024-11-19T16:48:09","slug":"inciensode-laurel","status":"publish","type":"product","link":"https:\/\/daluzatuvida.com\/index.php\/product\/inciensode-laurel\/","title":{"rendered":"Inciensode laurel."},"content":{"rendered":"<p>incienso<\/p>\n<p style=\"margin-top:0px;margin-bottom:1rem;font-size:14px;font-family:\"><strong style=\"font-weight: bolder\">Fragancia:<\/strong><span> <\/span>Laurel.<\/p>\n<p style=\"margin-top:0px;margin-bottom:1rem;font-size:14px;font-family:\">Parte de la colecci\u00f3n<span> <\/span><strong style=\"font-weight: bolder\">&#8220;Ex\u00f3ticos&#8221;<\/strong><span> <\/span>de SAC.<\/p>\n<p style=\"margin-top:0px;margin-bottom:1rem;font-size:14px;font-family:\"><strong style=\"font-weight: bolder\">Caja:<\/strong><span> <\/span>Contiene 6 Hex\u00e1gonos, 20 varas de incienso c\/u.- Total 120 varas.<\/p>\n<p style=\"margin-top:0px;margin-bottom:1rem;font-size:14px;font-family:\"><strong style=\"font-weight: bolder\">Precio Vishv Internet:<\/strong><span> <\/span><strong style=\"font-weight: bolder\">$2.490<\/strong><span> <\/span>Caja de 6 Hex\u00e1gonos &#8211; 120 varas<strong style=\"font-weight: bolder\">.<\/strong><\/p>\n<p style=\"margin-top:0px;margin-bottom:1rem;font-size:14px;font-family:\"><strong style=\"font-weight: bolder\">Precio Vishv por Mayor:<\/strong><span> <\/span><strong style=\"font-weight: bolder\">$1.990<\/strong><span> <\/span>c\/u por la compra de 3 cajas o m\u00e1s.<\/p>\n<p style=\"margin-top:0px;margin-bottom:1rem;font-size:14px;font-family:\"><strong style=\"font-weight: bolder\">Procedencia:<\/strong><span> <\/span>Importado desde India.<\/p>\n<p style=\"margin-top:0px;margin-bottom:1rem;font-size:14px;font-family:\">Incienso producido con la alta calidad de<span> <\/span><strong style=\"font-weight: bolder\">Sandesh Agarbathi Co. (SAC)<\/strong><\/p>\n","protected":false},"excerpt":{"rendered":"<p>incienso Fragancia: Laurel. Parte de la colecci\u00f3n &#8220;Ex\u00f3ticos&#8221; de SAC. Caja: Contiene 6 Hex\u00e1gonos, 20 varas de incienso c\/u.- Total 120 varas. Precio Vishv Internet: $2.490 Caja de 6 Hex\u00e1gonos &#8211; 120 varas. Precio Vishv por Mayor: $1.990 c\/u por la compra de 3 cajas&hellip;<\/p>\n","protected":false},"featured_media":1833,"comment_status":"open","ping_status":"closed","template":"","meta":{"om_disable_all_campaigns":false,"_monsterinsights_skip_tracking":false,"_monsterinsights_sitenote_active":false,"_monsterinsights_sitenote_note":"","_monsterinsights_sitenote_category":0},"product_brand":[],"product_cat":[380],"product_tag":[],"class_list":{"0":"post-1834","1":"product","2":"type-product","3":"status-publish","4":"has-post-thumbnail","6":"product_cat-sagrada-madre-inciensos-complementos","8":"first","9":"instock","10":"taxable","11":"shipping-taxable","12":"purchasable","13":"product-type-simple"},"aioseo_notices":[],"jetpack_sharing_enabled":true,"_links":{"self":[{"href":"https:\/\/daluzatuvida.com\/index.php\/wp-json\/wp\/v2\/product\/1834","targetHints":{"allow":["GET"]}}],"collection":[{"href":"https:\/\/daluzatuvida.com\/index.php\/wp-json\/wp\/v2\/product"}],"about":[{"href":"https:\/\/daluzatuvida.com\/index.php\/wp-json\/wp\/v2\/types\/product"}],"replies":[{"embeddable":true,"href":"https:\/\/daluzatuvida.com\/index.php\/wp-json\/wp\/v2\/comments?post=1834"}],"wp:featuredmedia":[{"embeddable":true,"href":"https:\/\/daluzatuvida.com\/index.php\/wp-json\/wp\/v2\/media\/1833"}],"wp:attachment":[{"href":"https:\/\/daluzatuvida.com\/index.php\/wp-json\/wp\/v2\/media?parent=1834"}],"wp:term":[{"taxonomy":"product_brand","embeddable":true,"href":"https:\/\/daluzatuvida.com\/index.php\/wp-json\/wp\/v2\/product_brand?post=1834"},{"taxonomy":"product_cat","embeddable":true,"href":"https:\/\/daluzatuvida.com\/index.php\/wp-json\/wp\/v2\/product_cat?post=1834"},{"taxonomy":"product_tag","embeddable":true,"href":"https:\/\/daluzatuvida.com\/index.php\/wp-json\/wp\/v2\/product_tag?post=1834"}],"curies":[{"name":"wp","href":"https:\/\/api.w.org\/{rel}","templated":true}]}}