{"id":1787,"date":"2023-03-28T10:31:39","date_gmt":"2023-03-28T10:31:39","guid":{"rendered":"https:\/\/daluzatuvida.com\/index.php\/product\/masajeador-sodalita\/"},"modified":"2024-05-21T12:41:40","modified_gmt":"2024-05-21T11:41:40","slug":"masajeador-sodalita","status":"publish","type":"product","link":"https:\/\/daluzatuvida.com\/index.php\/product\/masajeador-sodalita\/","title":{"rendered":"Masajeador sodalita"},"content":{"rendered":"<h3 style=\"padding:0px;margin:1.5em0px0.5em;font-family:-apple-system,BlinkMacSystemFont,\"><span id=\"Propiedades_esotericas_y_magicas\">Propiedades esot\u00e9ricas y m\u00e1gicas<\/span><\/h3>\n<ul style=\"padding:0px0px0px2em;font-family:-apple-system,BlinkMacSystemFont,\">\n<li>La sodalita fortalece enormemente nuestra espiritualidad, ayuda a despertar los poderes superiores de la mente y es capaz de activar la gl\u00e1ndula pineal.<\/li>\n<li>Es una piedra excelente para la meditaci\u00f3n, ya que ayuda a calmar las emociones y tambi\u00e9n facilita el acceso a los estados mentales superiores.<\/li>\n<\/ul>\n","protected":false},"excerpt":{"rendered":"<p>Propiedades esot\u00e9ricas y m\u00e1gicas La sodalita fortalece enormemente nuestra espiritualidad, ayuda a despertar los poderes superiores de la mente y es capaz de activar la gl\u00e1ndula pineal. Es una piedra excelente para la meditaci\u00f3n, ya que ayuda a calmar las emociones y tambi\u00e9n facilita el&hellip;<\/p>\n","protected":false},"featured_media":1786,"comment_status":"open","ping_status":"closed","template":"","meta":{"om_disable_all_campaigns":false,"_monsterinsights_skip_tracking":false,"_monsterinsights_sitenote_active":false,"_monsterinsights_sitenote_note":"","_monsterinsights_sitenote_category":0},"product_brand":[],"product_cat":[386],"product_tag":[],"class_list":{"0":"post-1787","1":"product","2":"type-product","3":"status-publish","4":"has-post-thumbnail","6":"product_cat-piedras-energeticas","8":"first","9":"instock","10":"taxable","11":"shipping-taxable","12":"purchasable","13":"product-type-simple"},"aioseo_notices":[],"jetpack_sharing_enabled":true,"_links":{"self":[{"href":"https:\/\/daluzatuvida.com\/index.php\/wp-json\/wp\/v2\/product\/1787","targetHints":{"allow":["GET"]}}],"collection":[{"href":"https:\/\/daluzatuvida.com\/index.php\/wp-json\/wp\/v2\/product"}],"about":[{"href":"https:\/\/daluzatuvida.com\/index.php\/wp-json\/wp\/v2\/types\/product"}],"replies":[{"embeddable":true,"href":"https:\/\/daluzatuvida.com\/index.php\/wp-json\/wp\/v2\/comments?post=1787"}],"wp:featuredmedia":[{"embeddable":true,"href":"https:\/\/daluzatuvida.com\/index.php\/wp-json\/wp\/v2\/media\/1786"}],"wp:attachment":[{"href":"https:\/\/daluzatuvida.com\/index.php\/wp-json\/wp\/v2\/media?parent=1787"}],"wp:term":[{"taxonomy":"product_brand","embeddable":true,"href":"https:\/\/daluzatuvida.com\/index.php\/wp-json\/wp\/v2\/product_brand?post=1787"},{"taxonomy":"product_cat","embeddable":true,"href":"https:\/\/daluzatuvida.com\/index.php\/wp-json\/wp\/v2\/product_cat?post=1787"},{"taxonomy":"product_tag","embeddable":true,"href":"https:\/\/daluzatuvida.com\/index.php\/wp-json\/wp\/v2\/product_tag?post=1787"}],"curies":[{"name":"wp","href":"https:\/\/api.w.org\/{rel}","templated":true}]}}